357070822.
2, 678535411
What are the prime factors of 617309997?
3, 71, 2898169
List the prime factors of 482729098.
2, 241364549
List the prime factors of 897172919.
897172919
List the prime factors of 5921057253.
3, 1481, 1332671
List the prime factors of 75859913.
19, 3992627
List the prime factors of 188745608.
2, 31, 47, 16193
List the prime factors of 1588883219.
7, 11, 337, 61231
What are the prime factors of 65239824?
2, 3, 13, 104551
What are the prime factors of 52385073?
3, 13, 109, 12323
What are the prime factors of 180779309?
17, 137, 77621
What are the prime factors of 202355722?
2, 59, 101, 16979
What are the prime factors of 36360668?
2, 1567, 5801
List the prime factors of 513609858.
2, 3, 28533881
What are the prime factors of 65239220?
2, 5, 3261961
What are the prime factors of 129616524?
2, 3, 400051
List the prime factors of 4222954795.
5, 59, 293, 48857
List the prime factors of 29197809.
3, 29, 111869
List the prime factors of 1107120781.
13, 59, 61, 23663
What are the prime factors of 2373925395?
3, 5, 947, 167119
List the prime factors of 678658993.
131, 5180603
What are the prime factors of 1145240240?
2, 5, 14315503
List the prime factors of 8496109.
8496109
What are the prime factors of 132017051?
132017051
What are the prime factors of 180448251?
3, 17, 3538201
List the prime factors of 186156148.
2, 19, 137, 941
List the prime factors of 39109941.
3, 13, 31, 41, 263
What are the prime factors of 183047417?
7, 67, 277, 1409
What are the prime factors of 1559930572?
2, 389982643
What are the prime factors of 450344590?
2, 5, 43, 1047313
What are the prime factors of 2788967005?
5, 11, 23, 577, 3821
List the prime factors of 1319824419.
3, 683, 644131
What are the prime factors of 38408819?
38408819
List the prime factors of 1479920010.
2, 3, 5, 41, 59, 20393
List the prime factors of 113491628.
2, 4483, 6329
List the prime factors of 3376545734.
2, 41, 683, 60289
What are the prime factors of 54866950?
2, 5, 173, 6343
List the prime factors of 496109220.
2, 3, 5, 1637, 5051
List the prime factors of 68081910.
2, 3, 5, 13, 174569
What are the prime factors of 26592367?
67, 73, 5437
List the prime factors of 86618153.
86618153
What are the prime factors of 44516811?
3, 14838937
What are the prime factors of 3757385573?
509, 7381897
List the prime factors of 220718692.
2, 881, 62633
What are the prime factors of 135985806?
2, 3, 11, 686797
What are the prime factors of 438228939?
3, 19, 449, 17123
List the prime factors of 4893587325.
3, 5, 11, 659069
List the prime factors of 128441044.
2, 79, 269, 1511
What are the prime factors of 71945149?
43, 139, 12037
List the prime factors of 148838990.
2, 5, 3181, 4679
List the prime factors of 17697626.
2, 19, 23, 20249
What are the prime factors of 40295435?
5, 8059087
What are the prime factors of 237590673?
3, 79196891
List the prime factors of 106581015.
3, 5, 87721
What are the prime factors of 438851659?
41, 113, 94723
List the prime factors of 515176126.
2, 17, 23, 29, 22717
What are the prime factors of 928040064?
2, 3, 7, 17, 23, 883
What are the prime factors of 3316322621?
73, 97, 103, 4547
List the prime factors of 32380993.
32380993
List the prime factors of 289368778.
2, 461, 313849
List the prime factors of 3410311651.
3410311651
What are the prime factors of 9528945?
3, 5, 635263
List the prime factors of 45877846.
2, 7, 3276989
What are the prime factors of 245343331?
31, 2399, 3299
What are the prime factors of 71561212?
2, 29, 467, 1321
List the prime factors of 740570686.
2, 257, 1440799
List the prime factors of 4320396473.
17, 1831, 138799
What are the prime factors of 33758791?
11, 139, 22079
What are the prime factors of 144124665?
3, 5, 9608311
List the prime factors of 19158502.
2, 11, 29, 30029
List the prime factors of 165059134.
2, 82529567
What are the prime factors of 1302743994?
2, 3, 2017, 107647
What are the prime factors of 73722677?
7, 10531811
List the prime factors of 1780331118.
2, 3, 296721853
List the prime factors of 2032056043.
2032056043
What are the prime factors of 43840078?
2, 21920039
What are the prime factors of 585148203?
3, 181, 359207
List the prime factors of 31495956.
2, 3, 2624663
What are the prime factors of 93775933?
139, 674647
List the prime factors of 4288728.
2, 3, 178697
What are the prime factors of 596004365?
5, 11, 10836443
What are the prime factors of 174289467?
3, 11, 5281499
What are the prime factors of 162944987?
6637, 24551
What are the prime factors of 4245092555?
5, 11, 937, 82373
What are the prime factors of 38087928?
2, 3, 176333
What are the prime factors of 124454022?
2, 3, 7, 11, 29, 1327
What are the prime factors of 98615980?
2, 5, 17, 290047
What are the prime factors of 118454382?
2, 3, 47, 163, 859
List the prime factors of 302039939.
59, 5119321
What are the prime factors of 64906347?
3, 11, 1187, 1657
What are the prime factors of 36740577?
3, 12246859
What are the prime factors of 1903338426?
2, 3, 11, 28838461
What are the prime factors of 113070597?
3, 5573, 6763
What are the prime factors of 7120644?
2, 3, 593387
What are the prime factors of 39339931?
457, 86083
What are the prime factors of 56739036?
2, 3, 4728253
List the prime factors of 20896648.
2, 61, 42821
What are the prime factors of 1363945266?
2, 3, 347, 218371
What are the prime factors of 787567103?
173, 449, 10139
What are the prime factors of 12598648?
2, 31, 37, 1373
List the prime factors of 3137973454.
2, 7, 11, 263, 77477
List the prime factors of 1197029287.
269, 4449923
What are the prime factors of 771875917?
4157, 185681
What are the prime factors of 2553806698?
2, 1276903349
List the prime factors of 1109269847.
7, 158467121
What are the prime factors of 343514171?
7, 11, 13, 571, 601
List the prime factors of 4630791957.
3, 11, 3697, 37957
What are the prime factors of 59231603?
59231603
List the prime factors of 1679415587.
23, 257, 284117
What are the prime factors of 383654179?
41, 9357419
List the prime factors of 241210868.
2, 60302717
What are the prime factors of 738626590?
2, 5, 13, 5681743
What are the prime factors of 49070241?
3, 11, 31, 59, 271
List the prime factors of 25921992.
2, 3, 1080083
What are the prime factors of 3459339188?
2, 433, 1109, 1801
What are the prime factors of 71497636?
2, 7, 53, 48179
List the prime factors of 102038309.
102038309
List the prime factors of 2239061696.
2, 29, 1206391
What are the prime factors of 760938132?
2, 3, 1109, 57179
List the prime factors of 237485550.
2, 3, 5, 487, 3251
What are the prime factors of 4322257851?
3, 47, 30654311
What are the prime factors of 4739048660?
2, 5, 236952433
List the prime factors of 4440089323.
4440089323
List the prime factors of 89811765.
3, 5, 17, 19, 37, 167
What are the prime factors of 4775753?
389, 12277
List the prime factors of 12106259.
11, 1100569
List the prime factors of 168933891.
3, 7, 1163, 6917
List the prime factors of 1833152275.
5, 73, 919, 1093
List the prime factors of 37953296.
2, 2372081
What are the prime factors of 167519032?
2, 20939879
List the prime factors of 103644525.
3, 5, 19, 72733
List the prime factors of 997012060.
2, 5, 11, 61, 74293
What are the prime factors of 16875187?
7, 29, 97, 857
What are the prime factors of 19371427?
71, 251, 1087
List the prime factors of 17543417.
61, 287597
What are the prime factors of 4044770799?
3, 557, 2420569
List the prime factors of 3996599.
397, 10067
What are the prime factors of 2299473903?
3, 983, 779747
What are the prime factors of 558287538?
2, 3, 93047923
List the prime factors of 17529506.
2, 8764753
What are the prime factors of 1026699789?
3, 19, 29, 621113
What are the prime factors of 233625838?
2, 233, 501343
List the prime factors of 274348713.
3, 263, 347717
List the prime factors of 595931650.
2, 5, 11918633
What are the prime factors of 3832202095?
5, 101, 7588519
What are the prime factors of 52375302?
2, 3, 7, 138559
List the prime factors of 213307396.
2, 53326849
List the prime factors of 233805009.
3, 61, 67, 19069
List the prime factors of 12406202.
2, 19, 326479
What are the prime factors of 143627044?
2, 11, 37, 88223
What are the prime factors of 289273061?
7, 11, 3756793
List the prime factors of 28320167.
1381, 2